s divided by 2633?
42
What is the remainder when 29073 is divided by 62?
57
Calculate the remainder when 13433 is divided by 3330.
113
What is the remainder when 150863 is divided by 6034?
13
What is the remainder when 1520 is divided by 508?
504
Calculate the remainder when 14754 is divided by 2096.
82
What is the remainder when 99845 is divided by 319?
317
Calculate the remainder when 241 is divided by 191.
50
Calculate the remainder when 14068 is divided by 3508.
36
Calculate the remainder when 1776 is divided by 177.
6
What is the remainder when 354210 is divided by 2121?
3
Calculate the remainder when 40491 is divided by 312.
243
Calculate the remainder when 18076036 is divided by 157.
155
Calculate the remainder when 14671 is divided by 14650.
21
What is the remainder when 5193 is divided by 52?
45
Calculate the remainder when 2890616 is divided by 23.
22
Calculate the remainder when 317531 is divided by 10583.
41
Calculate the remainder when 221931 is divided by 4.
3
What is the remainder when 3072 is divided by 927?
291
What is the remainder when 13897 is divided by 64?
9
What is the remainder when 177838 is divided by 4?
2
What is the remainder when 5483163 is divided by 16?
11
Calculate the remainder when 374171 is divided by 374163.
8
Calculate the remainder when 1559432 is divided by 149.
147
Calculate the remainder when 809 is divided by 129.
35
What is the remainder when 2605056 is divided by 17?
10
What is the remainder when 43667 is divided by 455?
442
What is the remainder when 49428 is divided by 309?
297
What is the remainder when 1407 is divided by 463?
18
Calculate the remainder when 2777 is divided by 575.
477
Calculate the remainder when 17697 is divided by 1008.
561
What is the remainder when 5758 is divided by 8?
6
Calculate the remainder when 13724 is divided by 75.
74
What is the remainder when 163241 is divided by 1794?
1781
What is the remainder when 7856 is divided by 114?
104
Calculate the remainder when 3320 is divided by 1170.
980
Calculate the remainder when 122432 is divided by 30590.
72
What is the remainder when 2387 is divided by 150?
137
Calculate the remainder when 18372 is divided by 327.
60
What is the remainder when 7981 is divided by 7745?
236
What is the remainder when 149734 is divided by 69?
4
What is the remainder when 43 is divided by 25?
18
What is the remainder when 161329 is divided by 3432?
25
Calculate the remainder when 57536 is divided by 70.
66
What is the remainder when 12413624 is divided by 105?
104
Calculate the remainder when 74427 is divided by 5725.
2
What is the remainder when 513 is divided by 172?
169
What is the remainder when 21446 is divided by 376?
14
What is the remainder when 276335 is divided by 152?
151
Calculate the remainder when 300478 is divided by 120.
118
What is the remainder when 5930 is divided by 592?
10
What is the remainder when 314 is divided by 13?
2
What is the remainder when 1359 is divided by 450?
9
Calculate the remainder when 456740 is divided by 2.
0
What is the remainder when 403776 is divided by 980?
16
Calculate the remainder when 18351 is divided by 6078.
117
What is the remainder when 38514 is divided by 3501?
3
Calculate the remainder when 3695 is divided by 219.
191
Calculate the remainder when 1336 is divided by 323.
44
Calculate the remainder when 42776 is divided by 200.
176
What is the remainder when 1014 is divided by 978?
36
What is the remainder when 353215 is divided by 64?
63
Calculate the remainder when 29204 is divided by 6.
2
Calculate the remainder when 12054 is divided by 63.
21
What is the remainder when 23970 is divided by 148?
142
What is the remainder when 1962 is divided by 960?
42
Calculate the remainder when 57639 is divided by 20.
19
Calculate the remainder when 64152 is divided by 78.
36
Calculate the remainder when 10404 is divided by 153.
0
Calculate the remainder when 56263 is divided by 29.
3
Calculate the remainder when 4049 is divided by 101.
9
Calculate the remainder when 84663 is divided by 21162.
15
What is the remainder when 124693 is divided by 379?
2
What is the remainder when 2740 is divided by 80?
20
Calculate the remainder when 15468 is divided by 119.
117
What is the remainder when 4094 is divided by 14?
6
What is the remainder when 1439 is divided by 920?
519
Calculate the remainder when 4634198 is divided by 145.
143
Calculate the remainder when 21839 is divided by 39.
38
Calculate the remainder when 1146 is divided by 32.
26
Calculate the remainder when 3686 is divided by 21.
11
What is the remainder when 1319 is divided by 333?
320
What is the remainder when 77923 is divided by 28?
27
What is the remainder when 5791 is divided by 131?
27
What is the remainder when 17521 is divided by 460?
41
What is the remainder when 1846 is divided by 648?
550
What is the remainder when 254757 is divided by 12?
9
Calculate the remainder when 127834 is divided by 82.
78
What is the remainder when 993435 is divided by 59?
52
What is the remainder when 164821 is divided by 68?
57
What is the remainder when 50635 is divided by 16868?
31
What is the remainder when 19187 is divided by 102?
11
Calculate the remainder when 39375 is divided by 172.
159
Calculate the remainder when 14352 is divided by 108.
96
Calculate the remainder when 15373919 is divided by 53.
50
Calculate the remainder when 6050 is divided by 8.
2
What is the remainder when 1437 is divided by 159?
6
Calculate the remainder when 42100 is divided by 320.
180
Calculate the remainder when 30295 is divided by 248.
39
What is the remainder when 136258 is divided by 1660?
138
Calculate the remainder when 2103 is divided by 21.
3
What is the remainder when 70989 is divided by 169?
9
What is the remainder when 5424 is divided by 178?
84
What is the remainder when 30908 is divided by 94?
76
What is the remainder when 5732 is divided by 434?
90
Calculate the remainder when 352408 is divided by 17620.
8
Calculate the remainder when 23026 is divided by 100.
26
Calculate the remainder when 1873 is divided by 15.
13
Calculate the remainder when 43514 is divided by 2718.
26
Calculate the remainder when 27941 is divided by 619.
86
Calculate the remainder when 1147903 is divided by 4.
3
Calculate the remainder when 162 is divided by 136.
26
What is the remainder when 80953 is divided by 88?
81
Calculate the remainder when 52579 is divided by 52571.
8
What is the remainder when 56245 is divided by 18736?
37
What is the remainder when 31854 is divided by 31842?
12
Calculate the remainder when 278511 is divided by 331.
140
Calculate the remainder when 70411 is divided by 326.
321
What is the remainder when 4296 is divided by 4103?
193
What is the remainder when 13703 is divided by 74?
13
What is the remainder when 19744 is divided by 130?
114
Calculate the remainder when 895038 is divided by 21.
18
What is the remainder when 4894 is divided by 1616?
46
What is the remainder when 131335 is divided by 6?
1
Calculate the remainder when 8668 is divided by 2165.
8
What is the remainder when 12474 is divided by 141?
66
What is the remainder when 310164 is divided by 339?
318
What is the remainder when 5398259 is divided by 1443?
1439
What is the remainder when 19287 is divided by 9551?
185
What is the remainder when 2934 is divided by 210?
204
What is the remainder when 370035 is divided by 116?
111
Calculate the remainder when 879 is divided by 14.
11
Calculate the remainder when 28621 is divided by 1788.
13
Calculate the remainder when 680887 is divided by 1351.
1334
Calculate the remainder when 5591 is divided by 152.
119
Calculate the remainder when 279377 is divided by 163.
158
What is the remainder when 6643 is divided by 68?
47
What is the remainder when 6698 is divided by 3322?
54
Calculate the remainder when 9736 is divided by 4795.
146
What is the remainder when 77430 is divided by 6449?
42
What is the remainder when 819 is divided by 745?
74
Calculate the remainder when 16866 is divided by 80.
66
What is the remainder when 10516 is divided by 5250?
16
What is the remainder when 1594 is divided by 1528?
66
Calculate the remainder when 556430 is divided by 79489.
7
What is the remainder when 3516 is divided by 1500?
516
What is the remainder when 8219 is divided by 1